{"id":4153,"date":"2024-12-19T22:20:42","date_gmt":"2024-12-19T21:20:42","guid":{"rendered":"https:\/\/cynthialeveneur.com\/?post_type=product&#038;p=4153"},"modified":"2025-01-30T11:50:22","modified_gmt":"2025-01-30T10:50:22","slug":"portrait-personnalise-simple","status":"publish","type":"product","link":"https:\/\/cynthialeveneur.com\/index.php\/produit\/portrait-personnalise-simple\/","title":{"rendered":"Portrait personnalis\u00e9 simple &#8211; 1 \u00e0 6 personnages"},"content":{"rendered":"","protected":false},"excerpt":{"rendered":"<p class=\"p1\">Je r\u00e9alise votre portrait personnalis\u00e9 de 1 \u00e0 6 personnes \u00e0 partir d\u2019une photo pour d\u00e9corer vos murs, pour offrir \u00e0 vos proches ou encore pour marquer un \u00e9v\u00e8nement sp\u00e9cial (anniversaire, voyages, dipl\u00f4me, mariage, naissance\u2026).<\/p>\n<p class=\"p1\">Portrait individuel, en couple, en famille, entre amis, ou m\u00eame avec vos animaux de compagnie, tout est possible !<\/p>\n<p>&nbsp;<\/p>\n<p><strong>IMPORTANT : Merci d\u2019envoyer la ou les photos mod\u00e8les par mail \u00e0 l\u2019adresse <a rel=\"noopener\">cy.leveneur@gmail.com<\/a> apr\u00e8s avoir pass\u00e9 votre commande.<\/strong><\/p>\n","protected":false},"featured_media":4403,"template":"","meta":{"_vp_format_video_url":"","_vp_image_focal_point":[]},"product_brand":[],"product_cat":[40],"product_tag":[],"class_list":{"0":"post-4153","1":"product","2":"type-product","3":"status-publish","4":"has-post-thumbnail","6":"product_cat-portrait-personnalise","8":"first","9":"instock","10":"shipping-taxable","11":"purchasable","12":"product-type-variable"},"yoast_head":"<!-- This site is optimized with the Yoast SEO plugin v24.8.1 - https:\/\/yoast.com\/wordpress\/plugins\/seo\/ -->\n<title>Portrait personnalis\u00e9 simple - 1 \u00e0 6 personnages<\/title>\n<meta name=\"description\" content=\"Je r\u00e9alise votre portrait personnalis\u00e9 de 1 \u00e0 6 personnes \u00e0 partir d\u2019une photo pour d\u00e9corer vos murs ou pour offrir \u00e0 vos proches.\" \/>\n<meta name=\"robots\" content=\"index, follow, max-snippet:-1, max-image-preview:large, max-video-preview:-1\" \/>\n<link rel=\"canonical\" href=\"https:\/\/cynthialeveneur.com\/index.php\/produit\/portrait-personnalise-simple\/\" \/>\n<meta property=\"og:locale\" content=\"fr_FR\" \/>\n<meta property=\"og:type\" content=\"article\" \/>\n<meta property=\"og:title\" content=\"Portrait personnalis\u00e9 simple - 1 \u00e0 6 personnages\" \/>\n<meta property=\"og:description\" content=\"Je r\u00e9alise votre portrait personnalis\u00e9 de 1 \u00e0 6 personnes \u00e0 partir d\u2019une photo pour d\u00e9corer vos murs ou pour offrir \u00e0 vos proches.\" \/>\n<meta property=\"og:url\" content=\"https:\/\/cynthialeveneur.com\/index.php\/produit\/portrait-personnalise-simple\/\" \/>\n<meta property=\"og:site_name\" content=\"cynthialeveneur.com\" \/>\n<meta property=\"article:modified_time\" content=\"2025-01-30T10:50:22+00:00\" \/>\n<meta property=\"og:image\" content=\"https:\/\/cynthialeveneur.com\/wp-content\/uploads\/2024\/12\/mockup-portrait-simple-scaled.jpg\" \/>\n\t<meta property=\"og:image:width\" content=\"2560\" \/>\n\t<meta property=\"og:image:height\" content=\"2560\" \/>\n\t<meta property=\"og:image:type\" content=\"image\/jpeg\" \/>\n<meta name=\"twitter:card\" content=\"summary_large_image\" \/>\n<meta name=\"twitter:label1\" content=\"Dur\u00e9e de lecture estim\u00e9e\" \/>\n\t<meta name=\"twitter:data1\" content=\"1 minute\" \/>\n<script type=\"application\/ld+json\" class=\"yoast-schema-graph\">{\"@context\":\"https:\/\/schema.org\",\"@graph\":[{\"@type\":\"WebPage\",\"@id\":\"https:\/\/cynthialeveneur.com\/index.php\/produit\/portrait-personnalise-simple\/\",\"url\":\"https:\/\/cynthialeveneur.com\/index.php\/produit\/portrait-personnalise-simple\/\",\"name\":\"Portrait personnalis\u00e9 simple - 1 \u00e0 6 personnages\",\"isPartOf\":{\"@id\":\"https:\/\/cynthialeveneur.com\/#website\"},\"primaryImageOfPage\":{\"@id\":\"https:\/\/cynthialeveneur.com\/index.php\/produit\/portrait-personnalise-simple\/#primaryimage\"},\"image\":{\"@id\":\"https:\/\/cynthialeveneur.com\/index.php\/produit\/portrait-personnalise-simple\/#primaryimage\"},\"thumbnailUrl\":\"https:\/\/cynthialeveneur.com\/wp-content\/uploads\/2024\/12\/mockup-portrait-simple-scaled.jpg\",\"datePublished\":\"2024-12-19T21:20:42+00:00\",\"dateModified\":\"2025-01-30T10:50:22+00:00\",\"description\":\"Je r\u00e9alise votre portrait personnalis\u00e9 de 1 \u00e0 6 personnes \u00e0 partir d\u2019une photo pour d\u00e9corer vos murs ou pour offrir \u00e0 vos proches.\",\"breadcrumb\":{\"@id\":\"https:\/\/cynthialeveneur.com\/index.php\/produit\/portrait-personnalise-simple\/#breadcrumb\"},\"inLanguage\":\"fr-FR\",\"potentialAction\":[{\"@type\":\"ReadAction\",\"target\":[\"https:\/\/cynthialeveneur.com\/index.php\/produit\/portrait-personnalise-simple\/\"]}]},{\"@type\":\"ImageObject\",\"inLanguage\":\"fr-FR\",\"@id\":\"https:\/\/cynthialeveneur.com\/index.php\/produit\/portrait-personnalise-simple\/#primaryimage\",\"url\":\"https:\/\/cynthialeveneur.com\/wp-content\/uploads\/2024\/12\/mockup-portrait-simple-scaled.jpg\",\"contentUrl\":\"https:\/\/cynthialeveneur.com\/wp-content\/uploads\/2024\/12\/mockup-portrait-simple-scaled.jpg\",\"width\":2560,\"height\":2560,\"caption\":\"Portrait personnalis\u00e9\"},{\"@type\":\"BreadcrumbList\",\"@id\":\"https:\/\/cynthialeveneur.com\/index.php\/produit\/portrait-personnalise-simple\/#breadcrumb\",\"itemListElement\":[{\"@type\":\"ListItem\",\"position\":1,\"name\":\"Accueil\",\"item\":\"https:\/\/cynthialeveneur.com\/\"},{\"@type\":\"ListItem\",\"position\":2,\"name\":\"Boutique\",\"item\":\"https:\/\/cynthialeveneur.com\/index.php\/boutique-illustrations\/\"},{\"@type\":\"ListItem\",\"position\":3,\"name\":\"Portrait personnalis\u00e9 simple &#8211; 1 \u00e0 6 personnages\"}]},{\"@type\":\"WebSite\",\"@id\":\"https:\/\/cynthialeveneur.com\/#website\",\"url\":\"https:\/\/cynthialeveneur.com\/\",\"name\":\"cynthialeveneur.com\",\"description\":\"\",\"publisher\":{\"@id\":\"https:\/\/cynthialeveneur.com\/#\/schema\/person\/2ef73bd530b005066323d2ce6896a716\"},\"potentialAction\":[{\"@type\":\"SearchAction\",\"target\":{\"@type\":\"EntryPoint\",\"urlTemplate\":\"https:\/\/cynthialeveneur.com\/?s={search_term_string}\"},\"query-input\":{\"@type\":\"PropertyValueSpecification\",\"valueRequired\":true,\"valueName\":\"search_term_string\"}}],\"inLanguage\":\"fr-FR\"},{\"@type\":[\"Person\",\"Organization\"],\"@id\":\"https:\/\/cynthialeveneur.com\/#\/schema\/person\/2ef73bd530b005066323d2ce6896a716\",\"name\":\"cynthialeveneur.com\",\"image\":{\"@type\":\"ImageObject\",\"inLanguage\":\"fr-FR\",\"@id\":\"https:\/\/cynthialeveneur.com\/#\/schema\/person\/image\/\",\"url\":\"https:\/\/cynthialeveneur.com\/wp-content\/uploads\/2024\/03\/CL-NEW-LOGO-12.png\",\"contentUrl\":\"https:\/\/cynthialeveneur.com\/wp-content\/uploads\/2024\/03\/CL-NEW-LOGO-12.png\",\"width\":461,\"height\":223,\"caption\":\"cynthialeveneur.com\"},\"logo\":{\"@id\":\"https:\/\/cynthialeveneur.com\/#\/schema\/person\/image\/\"},\"sameAs\":[\"http:\/\/cynthialeveneur.com\"]}]}<\/script>\n<!-- \/ Yoast SEO plugin. -->","yoast_head_json":{"title":"Portrait personnalis\u00e9 simple - 1 \u00e0 6 personnages","description":"Je r\u00e9alise votre portrait personnalis\u00e9 de 1 \u00e0 6 personnes \u00e0 partir d\u2019une photo pour d\u00e9corer vos murs ou pour offrir \u00e0 vos proches.","robots":{"index":"index","follow":"follow","max-snippet":"max-snippet:-1","max-image-preview":"max-image-preview:large","max-video-preview":"max-video-preview:-1"},"canonical":"https:\/\/cynthialeveneur.com\/index.php\/produit\/portrait-personnalise-simple\/","og_locale":"fr_FR","og_type":"article","og_title":"Portrait personnalis\u00e9 simple - 1 \u00e0 6 personnages","og_description":"Je r\u00e9alise votre portrait personnalis\u00e9 de 1 \u00e0 6 personnes \u00e0 partir d\u2019une photo pour d\u00e9corer vos murs ou pour offrir \u00e0 vos proches.","og_url":"https:\/\/cynthialeveneur.com\/index.php\/produit\/portrait-personnalise-simple\/","og_site_name":"cynthialeveneur.com","article_modified_time":"2025-01-30T10:50:22+00:00","og_image":[{"width":2560,"height":2560,"url":"https:\/\/cynthialeveneur.com\/wp-content\/uploads\/2024\/12\/mockup-portrait-simple-scaled.jpg","type":"image\/jpeg"}],"twitter_card":"summary_large_image","twitter_misc":{"Dur\u00e9e de lecture estim\u00e9e":"1 minute"},"schema":{"@context":"https:\/\/schema.org","@graph":[{"@type":"WebPage","@id":"https:\/\/cynthialeveneur.com\/index.php\/produit\/portrait-personnalise-simple\/","url":"https:\/\/cynthialeveneur.com\/index.php\/produit\/portrait-personnalise-simple\/","name":"Portrait personnalis\u00e9 simple - 1 \u00e0 6 personnages","isPartOf":{"@id":"https:\/\/cynthialeveneur.com\/#website"},"primaryImageOfPage":{"@id":"https:\/\/cynthialeveneur.com\/index.php\/produit\/portrait-personnalise-simple\/#primaryimage"},"image":{"@id":"https:\/\/cynthialeveneur.com\/index.php\/produit\/portrait-personnalise-simple\/#primaryimage"},"thumbnailUrl":"https:\/\/cynthialeveneur.com\/wp-content\/uploads\/2024\/12\/mockup-portrait-simple-scaled.jpg","datePublished":"2024-12-19T21:20:42+00:00","dateModified":"2025-01-30T10:50:22+00:00","description":"Je r\u00e9alise votre portrait personnalis\u00e9 de 1 \u00e0 6 personnes \u00e0 partir d\u2019une photo pour d\u00e9corer vos murs ou pour offrir \u00e0 vos proches.","breadcrumb":{"@id":"https:\/\/cynthialeveneur.com\/index.php\/produit\/portrait-personnalise-simple\/#breadcrumb"},"inLanguage":"fr-FR","potentialAction":[{"@type":"ReadAction","target":["https:\/\/cynthialeveneur.com\/index.php\/produit\/portrait-personnalise-simple\/"]}]},{"@type":"ImageObject","inLanguage":"fr-FR","@id":"https:\/\/cynthialeveneur.com\/index.php\/produit\/portrait-personnalise-simple\/#primaryimage","url":"https:\/\/cynthialeveneur.com\/wp-content\/uploads\/2024\/12\/mockup-portrait-simple-scaled.jpg","contentUrl":"https:\/\/cynthialeveneur.com\/wp-content\/uploads\/2024\/12\/mockup-portrait-simple-scaled.jpg","width":2560,"height":2560,"caption":"Portrait personnalis\u00e9"},{"@type":"BreadcrumbList","@id":"https:\/\/cynthialeveneur.com\/index.php\/produit\/portrait-personnalise-simple\/#breadcrumb","itemListElement":[{"@type":"ListItem","position":1,"name":"Accueil","item":"https:\/\/cynthialeveneur.com\/"},{"@type":"ListItem","position":2,"name":"Boutique","item":"https:\/\/cynthialeveneur.com\/index.php\/boutique-illustrations\/"},{"@type":"ListItem","position":3,"name":"Portrait personnalis\u00e9 simple &#8211; 1 \u00e0 6 personnages"}]},{"@type":"WebSite","@id":"https:\/\/cynthialeveneur.com\/#website","url":"https:\/\/cynthialeveneur.com\/","name":"cynthialeveneur.com","description":"","publisher":{"@id":"https:\/\/cynthialeveneur.com\/#\/schema\/person\/2ef73bd530b005066323d2ce6896a716"},"potentialAction":[{"@type":"SearchAction","target":{"@type":"EntryPoint","urlTemplate":"https:\/\/cynthialeveneur.com\/?s={search_term_string}"},"query-input":{"@type":"PropertyValueSpecification","valueRequired":true,"valueName":"search_term_string"}}],"inLanguage":"fr-FR"},{"@type":["Person","Organization"],"@id":"https:\/\/cynthialeveneur.com\/#\/schema\/person\/2ef73bd530b005066323d2ce6896a716","name":"cynthialeveneur.com","image":{"@type":"ImageObject","inLanguage":"fr-FR","@id":"https:\/\/cynthialeveneur.com\/#\/schema\/person\/image\/","url":"https:\/\/cynthialeveneur.com\/wp-content\/uploads\/2024\/03\/CL-NEW-LOGO-12.png","contentUrl":"https:\/\/cynthialeveneur.com\/wp-content\/uploads\/2024\/03\/CL-NEW-LOGO-12.png","width":461,"height":223,"caption":"cynthialeveneur.com"},"logo":{"@id":"https:\/\/cynthialeveneur.com\/#\/schema\/person\/image\/"},"sameAs":["http:\/\/cynthialeveneur.com"]}]}},"_links":{"self":[{"href":"https:\/\/cynthialeveneur.com\/index.php\/wp-json\/wp\/v2\/product\/4153","targetHints":{"allow":["GET"]}}],"collection":[{"href":"https:\/\/cynthialeveneur.com\/index.php\/wp-json\/wp\/v2\/product"}],"about":[{"href":"https:\/\/cynthialeveneur.com\/index.php\/wp-json\/wp\/v2\/types\/product"}],"version-history":[{"count":13,"href":"https:\/\/cynthialeveneur.com\/index.php\/wp-json\/wp\/v2\/product\/4153\/revisions"}],"predecessor-version":[{"id":4377,"href":"https:\/\/cynthialeveneur.com\/index.php\/wp-json\/wp\/v2\/product\/4153\/revisions\/4377"}],"wp:featuredmedia":[{"embeddable":true,"href":"https:\/\/cynthialeveneur.com\/index.php\/wp-json\/wp\/v2\/media\/4403"}],"wp:attachment":[{"href":"https:\/\/cynthialeveneur.com\/index.php\/wp-json\/wp\/v2\/media?parent=4153"}],"wp:term":[{"taxonomy":"product_brand","embeddable":true,"href":"https:\/\/cynthialeveneur.com\/index.php\/wp-json\/wp\/v2\/product_brand?post=4153"},{"taxonomy":"product_cat","embeddable":true,"href":"https:\/\/cynthialeveneur.com\/index.php\/wp-json\/wp\/v2\/product_cat?post=4153"},{"taxonomy":"product_tag","embeddable":true,"href":"https:\/\/cynthialeveneur.com\/index.php\/wp-json\/wp\/v2\/product_tag?post=4153"}],"curies":[{"name":"wp","href":"https:\/\/api.w.org\/{rel}","templated":true}]}}